{"id":34,"date":"2023-09-07T18:00:03","date_gmt":"2023-09-07T16:00:03","guid":{"rendered":"http:\/\/38.242.210.90\/wordpress\/?page_id=34"},"modified":"2023-09-08T16:07:08","modified_gmt":"2023-09-08T14:07:08","slug":"ueber-uns","status":"publish","type":"page","link":"https:\/\/www.judofreunde-korntal.de\/wordpress\/ueber-uns\/","title":{"rendered":"\u00dcber uns"},"content":{"rendered":"\n<p>Wir haben uns 2019 mit dem Ziel gegr\u00fcndet, den Judosport in Korntal-M\u00fcnchingen voranzubringen.<\/p>\n\n\n\n<p>&#8222;Wir&#8220; sind stellvertretend f\u00fcr unsere Mitglieder:<\/p>\n\n\n\n<p>Thomas Wermter, Vorsitzender<\/p>\n\n\n\n<p>Roland L\u00f6rcher, stellvertretender Vorsitzender<\/p>\n\n\n\n<p>Enrico Renell, Kassenwart<\/p>\n\n\n\n<p><\/p>\n\n\n\n<p>Ihr erreicht uns unter der Email: vorstand AT judofreunde-korntal PUNKT de<\/p>\n\n\n\n<figure class=\"wp-block-image size-large\"><img loading=\"lazy\" decoding=\"async\" width=\"1024\" height=\"682\" src=\"http:\/\/ucs.judofreunde-korntal.de\/wordpress\/wp-content\/uploads\/2022\/11\/DSC00298-Large-1024x682.jpeg\" alt=\"\" class=\"wp-image-25\" srcset=\"https:\/\/www.judofreunde-korntal.de\/wordpress\/wp-content\/uploads\/2022\/11\/DSC00298-Large-1024x682.jpeg 1024w, https:\/\/www.judofreunde-korntal.de\/wordpress\/wp-content\/uploads\/2022\/11\/DSC00298-Large-300x200.jpeg 300w, https:\/\/www.judofreunde-korntal.de\/wordpress\/wp-content\/uploads\/2022\/11\/DSC00298-Large-768x512.jpeg 768w, https:\/\/www.judofreunde-korntal.de\/wordpress\/wp-content\/uploads\/2022\/11\/DSC00298-Large.jpeg 1280w\" sizes=\"auto, (max-width: 1024px) 100vw, 1024px\" \/><\/figure>\n","protected":false},"excerpt":{"rendered":"<p>Wir haben uns 2019 mit dem Ziel gegr\u00fcndet, den Judosport in Korntal-M\u00fcnchingen voranzubringen. &#8222;Wir&#8220; sind stellvertretend f\u00fcr unsere Mitglieder: Thomas Wermter, Vorsitzender Roland L\u00f6rcher, stellvertretender Vorsitzender Enrico Renell, Kassenwart Ihr erreicht uns unter der Email: vorstand AT judofreunde-korntal PUNKT de<\/p>\n","protected":false},"author":3,"featured_media":0,"parent":0,"menu_order":0,"comment_status":"closed","ping_status":"closed","template":"","meta":{"footnotes":""},"class_list":["post-34","page","type-page","status-publish","hentry"],"yoast_head":"<!-- This site is optimized with the Yoast SEO plugin v24.0 - https:\/\/yoast.com\/wordpress\/plugins\/seo\/ -->\n<title>\u00dcber uns - Judofreunde Korntal e.V.<\/title>\n<meta name=\"robots\" content=\"index, follow, max-snippet:-1, max-image-preview:large, max-video-preview:-1\" \/>\n<link rel=\"canonical\" href=\"https:\/\/www.judofreunde-korntal.de\/wordpress\/ueber-uns\/\" \/>\n<meta property=\"og:locale\" content=\"de_DE\" \/>\n<meta property=\"og:type\" content=\"article\" \/>\n<meta property=\"og:title\" content=\"\u00dcber uns - Judofreunde Korntal e.V.\" \/>\n<meta property=\"og:description\" content=\"Wir haben uns 2019 mit dem Ziel gegr\u00fcndet, den Judosport in Korntal-M\u00fcnchingen voranzubringen. &#8222;Wir&#8220; sind stellvertretend f\u00fcr unsere Mitglieder: Thomas Wermter, Vorsitzender Roland L\u00f6rcher, stellvertretender Vorsitzender Enrico Renell, Kassenwart Ihr erreicht uns unter der Email: vorstand AT judofreunde-korntal PUNKT de\" \/>\n<meta property=\"og:url\" content=\"https:\/\/www.judofreunde-korntal.de\/wordpress\/ueber-uns\/\" \/>\n<meta property=\"og:site_name\" content=\"Judofreunde Korntal e.V.\" \/>\n<meta property=\"article:publisher\" content=\"https:\/\/www.facebook.com\/profile.php?id=100084103943783\" \/>\n<meta property=\"article:modified_time\" content=\"2023-09-08T14:07:08+00:00\" \/>\n<meta property=\"og:image\" content=\"http:\/\/ucs.judofreunde-korntal.de\/wordpress\/wp-content\/uploads\/2022\/11\/DSC00298-Large-1024x682.jpeg\" \/>\n<meta name=\"twitter:card\" content=\"summary_large_image\" \/>\n<script type=\"application\/ld+json\" class=\"yoast-schema-graph\">{\"@context\":\"https:\/\/schema.org\",\"@graph\":[{\"@type\":\"WebPage\",\"@id\":\"https:\/\/www.judofreunde-korntal.de\/wordpress\/ueber-uns\/\",\"url\":\"https:\/\/www.judofreunde-korntal.de\/wordpress\/ueber-uns\/\",\"name\":\"\u00dcber uns - Judofreunde Korntal e.V.\",\"isPartOf\":{\"@id\":\"https:\/\/www.judofreunde-korntal.de\/wordpress\/#website\"},\"primaryImageOfPage\":{\"@id\":\"https:\/\/www.judofreunde-korntal.de\/wordpress\/ueber-uns\/#primaryimage\"},\"image\":{\"@id\":\"https:\/\/www.judofreunde-korntal.de\/wordpress\/ueber-uns\/#primaryimage\"},\"thumbnailUrl\":\"http:\/\/ucs.judofreunde-korntal.de\/wordpress\/wp-content\/uploads\/2022\/11\/DSC00298-Large-1024x682.jpeg\",\"datePublished\":\"2023-09-07T16:00:03+00:00\",\"dateModified\":\"2023-09-08T14:07:08+00:00\",\"breadcrumb\":{\"@id\":\"https:\/\/www.judofreunde-korntal.de\/wordpress\/ueber-uns\/#breadcrumb\"},\"inLanguage\":\"de\",\"potentialAction\":[{\"@type\":\"ReadAction\",\"target\":[\"https:\/\/www.judofreunde-korntal.de\/wordpress\/ueber-uns\/\"]}]},{\"@type\":\"ImageObject\",\"inLanguage\":\"de\",\"@id\":\"https:\/\/www.judofreunde-korntal.de\/wordpress\/ueber-uns\/#primaryimage\",\"url\":\"http:\/\/ucs.judofreunde-korntal.de\/wordpress\/wp-content\/uploads\/2022\/11\/DSC00298-Large-1024x682.jpeg\",\"contentUrl\":\"http:\/\/ucs.judofreunde-korntal.de\/wordpress\/wp-content\/uploads\/2022\/11\/DSC00298-Large-1024x682.jpeg\"},{\"@type\":\"BreadcrumbList\",\"@id\":\"https:\/\/www.judofreunde-korntal.de\/wordpress\/ueber-uns\/#breadcrumb\",\"itemListElement\":[{\"@type\":\"ListItem\",\"position\":1,\"name\":\"Startseite\",\"item\":\"https:\/\/www.judofreunde-korntal.de\/wordpress\/\"},{\"@type\":\"ListItem\",\"position\":2,\"name\":\"\u00dcber uns\"}]},{\"@type\":\"WebSite\",\"@id\":\"https:\/\/www.judofreunde-korntal.de\/wordpress\/#website\",\"url\":\"https:\/\/www.judofreunde-korntal.de\/wordpress\/\",\"name\":\"Judofreunde Korntal e.V.\",\"description\":\"Internet Pr\u00e4senz der Judofreunde Korntal\",\"publisher\":{\"@id\":\"https:\/\/www.judofreunde-korntal.de\/wordpress\/#organization\"},\"potentialAction\":[{\"@type\":\"SearchAction\",\"target\":{\"@type\":\"EntryPoint\",\"urlTemplate\":\"https:\/\/www.judofreunde-korntal.de\/wordpress\/?s={search_term_string}\"},\"query-input\":{\"@type\":\"PropertyValueSpecification\",\"valueRequired\":true,\"valueName\":\"search_term_string\"}}],\"inLanguage\":\"de\"},{\"@type\":\"Organization\",\"@id\":\"https:\/\/www.judofreunde-korntal.de\/wordpress\/#organization\",\"name\":\"Judofreunde Korntal e.V.\",\"url\":\"https:\/\/www.judofreunde-korntal.de\/wordpress\/\",\"logo\":{\"@type\":\"ImageObject\",\"inLanguage\":\"de\",\"@id\":\"https:\/\/www.judofreunde-korntal.de\/wordpress\/#\/schema\/logo\/image\/\",\"url\":\"http:\/\/38.242.210.90:40000\/wordpress\/wp-content\/uploads\/2022\/11\/JFK-Logo-ohneRand.jpg\",\"contentUrl\":\"http:\/\/38.242.210.90:40000\/wordpress\/wp-content\/uploads\/2022\/11\/JFK-Logo-ohneRand.jpg\",\"width\":1417,\"height\":1423,\"caption\":\"Judofreunde Korntal e.V.\"},\"image\":{\"@id\":\"https:\/\/www.judofreunde-korntal.de\/wordpress\/#\/schema\/logo\/image\/\"},\"sameAs\":[\"https:\/\/www.facebook.com\/profile.php?id=100084103943783\",\"https:\/\/www.instagram.com\/judofreunde\"]}]}<\/script>\n<!-- \/ Yoast SEO plugin. -->","yoast_head_json":{"title":"\u00dcber uns - Judofreunde Korntal e.V.","robots":{"index":"index","follow":"follow","max-snippet":"max-snippet:-1","max-image-preview":"max-image-preview:large","max-video-preview":"max-video-preview:-1"},"canonical":"https:\/\/www.judofreunde-korntal.de\/wordpress\/ueber-uns\/","og_locale":"de_DE","og_type":"article","og_title":"\u00dcber uns - Judofreunde Korntal e.V.","og_description":"Wir haben uns 2019 mit dem Ziel gegr\u00fcndet, den Judosport in Korntal-M\u00fcnchingen voranzubringen. &#8222;Wir&#8220; sind stellvertretend f\u00fcr unsere Mitglieder: Thomas Wermter, Vorsitzender Roland L\u00f6rcher, stellvertretender Vorsitzender Enrico Renell, Kassenwart Ihr erreicht uns unter der Email: vorstand AT judofreunde-korntal PUNKT de","og_url":"https:\/\/www.judofreunde-korntal.de\/wordpress\/ueber-uns\/","og_site_name":"Judofreunde Korntal e.V.","article_publisher":"https:\/\/www.facebook.com\/profile.php?id=100084103943783","article_modified_time":"2023-09-08T14:07:08+00:00","og_image":[{"url":"http:\/\/ucs.judofreunde-korntal.de\/wordpress\/wp-content\/uploads\/2022\/11\/DSC00298-Large-1024x682.jpeg","type":"","width":"","height":""}],"twitter_card":"summary_large_image","schema":{"@context":"https:\/\/schema.org","@graph":[{"@type":"WebPage","@id":"https:\/\/www.judofreunde-korntal.de\/wordpress\/ueber-uns\/","url":"https:\/\/www.judofreunde-korntal.de\/wordpress\/ueber-uns\/","name":"\u00dcber uns - Judofreunde Korntal e.V.","isPartOf":{"@id":"https:\/\/www.judofreunde-korntal.de\/wordpress\/#website"},"primaryImageOfPage":{"@id":"https:\/\/www.judofreunde-korntal.de\/wordpress\/ueber-uns\/#primaryimage"},"image":{"@id":"https:\/\/www.judofreunde-korntal.de\/wordpress\/ueber-uns\/#primaryimage"},"thumbnailUrl":"http:\/\/ucs.judofreunde-korntal.de\/wordpress\/wp-content\/uploads\/2022\/11\/DSC00298-Large-1024x682.jpeg","datePublished":"2023-09-07T16:00:03+00:00","dateModified":"2023-09-08T14:07:08+00:00","breadcrumb":{"@id":"https:\/\/www.judofreunde-korntal.de\/wordpress\/ueber-uns\/#breadcrumb"},"inLanguage":"de","potentialAction":[{"@type":"ReadAction","target":["https:\/\/www.judofreunde-korntal.de\/wordpress\/ueber-uns\/"]}]},{"@type":"ImageObject","inLanguage":"de","@id":"https:\/\/www.judofreunde-korntal.de\/wordpress\/ueber-uns\/#primaryimage","url":"http:\/\/ucs.judofreunde-korntal.de\/wordpress\/wp-content\/uploads\/2022\/11\/DSC00298-Large-1024x682.jpeg","contentUrl":"http:\/\/ucs.judofreunde-korntal.de\/wordpress\/wp-content\/uploads\/2022\/11\/DSC00298-Large-1024x682.jpeg"},{"@type":"BreadcrumbList","@id":"https:\/\/www.judofreunde-korntal.de\/wordpress\/ueber-uns\/#breadcrumb","itemListElement":[{"@type":"ListItem","position":1,"name":"Startseite","item":"https:\/\/www.judofreunde-korntal.de\/wordpress\/"},{"@type":"ListItem","position":2,"name":"\u00dcber uns"}]},{"@type":"WebSite","@id":"https:\/\/www.judofreunde-korntal.de\/wordpress\/#website","url":"https:\/\/www.judofreunde-korntal.de\/wordpress\/","name":"Judofreunde Korntal e.V.","description":"Internet Pr\u00e4senz der Judofreunde Korntal","publisher":{"@id":"https:\/\/www.judofreunde-korntal.de\/wordpress\/#organization"},"potentialAction":[{"@type":"SearchAction","target":{"@type":"EntryPoint","urlTemplate":"https:\/\/www.judofreunde-korntal.de\/wordpress\/?s={search_term_string}"},"query-input":{"@type":"PropertyValueSpecification","valueRequired":true,"valueName":"search_term_string"}}],"inLanguage":"de"},{"@type":"Organization","@id":"https:\/\/www.judofreunde-korntal.de\/wordpress\/#organization","name":"Judofreunde Korntal e.V.","url":"https:\/\/www.judofreunde-korntal.de\/wordpress\/","logo":{"@type":"ImageObject","inLanguage":"de","@id":"https:\/\/www.judofreunde-korntal.de\/wordpress\/#\/schema\/logo\/image\/","url":"http:\/\/38.242.210.90:40000\/wordpress\/wp-content\/uploads\/2022\/11\/JFK-Logo-ohneRand.jpg","contentUrl":"http:\/\/38.242.210.90:40000\/wordpress\/wp-content\/uploads\/2022\/11\/JFK-Logo-ohneRand.jpg","width":1417,"height":1423,"caption":"Judofreunde Korntal e.V."},"image":{"@id":"https:\/\/www.judofreunde-korntal.de\/wordpress\/#\/schema\/logo\/image\/"},"sameAs":["https:\/\/www.facebook.com\/profile.php?id=100084103943783","https:\/\/www.instagram.com\/judofreunde"]}]}},"_links":{"self":[{"href":"https:\/\/www.judofreunde-korntal.de\/wordpress\/wp-json\/wp\/v2\/pages\/34","targetHints":{"allow":["GET"]}}],"collection":[{"href":"https:\/\/www.judofreunde-korntal.de\/wordpress\/wp-json\/wp\/v2\/pages"}],"about":[{"href":"https:\/\/www.judofreunde-korntal.de\/wordpress\/wp-json\/wp\/v2\/types\/page"}],"author":[{"embeddable":true,"href":"https:\/\/www.judofreunde-korntal.de\/wordpress\/wp-json\/wp\/v2\/users\/3"}],"replies":[{"embeddable":true,"href":"https:\/\/www.judofreunde-korntal.de\/wordpress\/wp-json\/wp\/v2\/comments?post=34"}],"version-history":[{"count":3,"href":"https:\/\/www.judofreunde-korntal.de\/wordpress\/wp-json\/wp\/v2\/pages\/34\/revisions"}],"predecessor-version":[{"id":87,"href":"https:\/\/www.judofreunde-korntal.de\/wordpress\/wp-json\/wp\/v2\/pages\/34\/revisions\/87"}],"wp:attachment":[{"href":"https:\/\/www.judofreunde-korntal.de\/wordpress\/wp-json\/wp\/v2\/media?parent=34"}],"curies":[{"name":"wp","href":"https:\/\/api.w.org\/{rel}","templated":true}]}}

Über uns

<p>Wir haben uns 2019 mit dem Ziel gegründet, den Judosport in Korntal-Münchingen voranzubringen.</p>



<p>&#8222;Wir&#8220; sind stellvertretend für unsere Mitglieder:</p>



<p>Thomas Wermter, Vorsitzender</p>



<p>Roland Lörcher, stellvertretender Vorsitzender</p>



<p>Enrico Renell, Kassenwart</p>



<p></p>



<p>Ihr erreicht uns unter der Email: vorstand AT judofreunde-korntal PUNKT de</p>



<figure class="wp-block-image size-large"><img loading="lazy" decoding="async" width="1024" height="682" src="http://ucs.judofreunde-korntal.de/wordpress/wp-content/uploads/2022/11/DSC00298-Large-1024x682.jpeg" alt="" class="wp-image-25" srcset="https://www.judofreunde-korntal.de/wordpress/wp-content/uploads/2022/11/DSC00298-Large-1024x682.jpeg 1024w, https://www.judofreunde-korntal.de/wordpress/wp-content/uploads/2022/11/DSC00298-Large-300x200.jpeg 300w, https://www.judofreunde-korntal.de/wordpress/wp-content/uploads/2022/11/DSC00298-Large-768x512.jpeg 768w, https://www.judofreunde-korntal.de/wordpress/wp-content/uploads/2022/11/DSC00298-Large.jpeg 1280w" sizes="auto, (max-width: 1024px) 100vw, 1024px" /></figure>

<p>Wir haben uns 2019 mit dem Ziel gegründet, den Judosport in Korntal-Münchingen voranzubringen. &#8222;Wir&#8220; sind stellvertretend für unsere Mitglieder: Thomas Wermter, Vorsitzender Roland Lörcher, stellvertretender Vorsitzender Enrico Renell, Kassenwart Ihr erreicht uns unter der Email: vorstand AT judofreunde-korntal PUNKT de</p>

<!-- This site is optimized with the Yoast SEO plugin v24.0 - https://yoast.com/wordpress/plugins/seo/ -->
<title>Über uns - Judofreunde Korntal e.V.</title>
<meta name="robots" content="index, follow, max-snippet:-1, max-image-preview:large, max-video-preview:-1" />
<link rel="canonical" href="https://www.judofreunde-korntal.de/wordpress/ueber-uns/" />
<meta property="og:locale" content="de_DE" />
<meta property="og:type" content="article" />
<meta property="og:title" content="Über uns - Judofreunde Korntal e.V." />
<meta property="og:description" content="Wir haben uns 2019 mit dem Ziel gegründet, den Judosport in Korntal-Münchingen voranzubringen. &#8222;Wir&#8220; sind stellvertretend für unsere Mitglieder: Thomas Wermter, Vorsitzender Roland Lörcher, stellvertretender Vorsitzender Enrico Renell, Kassenwart Ihr erreicht uns unter der Email: vorstand AT judofreunde-korntal PUNKT de" />
<meta property="og:url" content="https://www.judofreunde-korntal.de/wordpress/ueber-uns/" />
<meta property="og:site_name" content="Judofreunde Korntal e.V." />
<meta property="article:publisher" content="https://www.facebook.com/profile.php?id=100084103943783" />
<meta property="article:modified_time" content="2023-09-08T14:07:08+00:00" />
<meta property="og:image" content="http://ucs.judofreunde-korntal.de/wordpress/wp-content/uploads/2022/11/DSC00298-Large-1024x682.jpeg" />
<meta name="twitter:card" content="summary_large_image" />
<script type="application/ld+json" class="yoast-schema-graph">{"@context":"https://schema.org","@graph":[{"@type":"WebPage","@id":"https://www.judofreunde-korntal.de/wordpress/ueber-uns/","url":"https://www.judofreunde-korntal.de/wordpress/ueber-uns/","name":"Über uns - Judofreunde Korntal e.V.","isPartOf":{"@id":"https://www.judofreunde-korntal.de/wordpress/#website"},"primaryImageOfPage":{"@id":"https://www.judofreunde-korntal.de/wordpress/ueber-uns/#primaryimage"},"image":{"@id":"https://www.judofreunde-korntal.de/wordpress/ueber-uns/#primaryimage"},"thumbnailUrl":"http://ucs.judofreunde-korntal.de/wordpress/wp-content/uploads/2022/11/DSC00298-Large-1024x682.jpeg","datePublished":"2023-09-07T16:00:03+00:00","dateModified":"2023-09-08T14:07:08+00:00","breadcrumb":{"@id":"https://www.judofreunde-korntal.de/wordpress/ueber-uns/#breadcrumb"},"inLanguage":"de","potentialAction":[{"@type":"ReadAction","target":["https://www.judofreunde-korntal.de/wordpress/ueber-uns/"]}]},{"@type":"ImageObject","inLanguage":"de","@id":"https://www.judofreunde-korntal.de/wordpress/ueber-uns/#primaryimage","url":"http://ucs.judofreunde-korntal.de/wordpress/wp-content/uploads/2022/11/DSC00298-Large-1024x682.jpeg","contentUrl":"http://ucs.judofreunde-korntal.de/wordpress/wp-content/uploads/2022/11/DSC00298-Large-1024x682.jpeg"},{"@type":"BreadcrumbList","@id":"https://www.judofreunde-korntal.de/wordpress/ueber-uns/#breadcrumb","itemListElement":[{"@type":"ListItem","position":1,"name":"Startseite","item":"https://www.judofreunde-korntal.de/wordpress/"},{"@type":"ListItem","position":2,"name":"Über uns"}]},{"@type":"WebSite","@id":"https://www.judofreunde-korntal.de/wordpress/#website","url":"https://www.judofreunde-korntal.de/wordpress/","name":"Judofreunde Korntal e.V.","description":"Internet Präsenz der Judofreunde Korntal","publisher":{"@id":"https://www.judofreunde-korntal.de/wordpress/#organization"},"potentialAction":[{"@type":"SearchAction","target":{"@type":"EntryPoint","urlTemplate":"https://www.judofreunde-korntal.de/wordpress/?s={search_term_string}"},"query-input":{"@type":"PropertyValueSpecification","valueRequired":true,"valueName":"search_term_string"}}],"inLanguage":"de"},{"@type":"Organization","@id":"https://www.judofreunde-korntal.de/wordpress/#organization","name":"Judofreunde Korntal e.V.","url":"https://www.judofreunde-korntal.de/wordpress/","logo":{"@type":"ImageObject","inLanguage":"de","@id":"https://www.judofreunde-korntal.de/wordpress/#/schema/logo/image/","url":"http://38.242.210.90:40000/wordpress/wp-content/uploads/2022/11/JFK-Logo-ohneRand.jpg","contentUrl":"http://38.242.210.90:40000/wordpress/wp-content/uploads/2022/11/JFK-Logo-ohneRand.jpg","width":1417,"height":1423,"caption":"Judofreunde Korntal e.V."},"image":{"@id":"https://www.judofreunde-korntal.de/wordpress/#/schema/logo/image/"},"sameAs":["https://www.facebook.com/profile.php?id=100084103943783","https://www.instagram.com/judofreunde"]}]}</script>
<!-- / Yoast SEO plugin. -->

Über uns - Judofreunde Korntal e.V.

Wir haben uns 2019 mit dem Ziel gegründet, den Judosport in Korntal-Münchingen voranzubringen. &#8222;Wir&#8220; sind stellvertretend für unsere Mitglieder: Thomas Wermter, Vorsitzender Roland Lörcher, stellvertretender Vorsitzender Enrico Renell, Kassenwart Ihr erreicht uns unter der Email: vorstand AT judofreunde-korntal PUNKT de

Internet Präsenz der Judofreunde Korntal
